{"id":1361,"date":"2018-12-16T13:54:45","date_gmt":"2018-12-16T12:54:45","guid":{"rendered":"https:\/\/www.bastel-bastel.de\/blog\/?page_id=1361"},"modified":"2018-12-16T13:54:45","modified_gmt":"2018-12-16T12:54:45","slug":"wetter-lexikon-h","status":"publish","type":"page","link":"https:\/\/www.bastel-bastel.de\/blog\/index.php\/wetter-lexikon-h\/","title":{"rendered":"Wetter-Lexikon H"},"content":{"rendered":"\n<h3 class=\"wp-block-heading\">Hagel<\/h3>\n\n\n<p>Bei Hagel handelt es sich um festen\nNiederschlag aus Eiskristallen die sich zu Eisk\u00f6rnern zusammengeballt\nhaben. Hagelk\u00f6rner erreichen dabei Durchmesser von 5mm bis \u00fcber 50mm.&nbsp;\nHagel&nbsp; entsteht durch Gefrieren von Wassertr\u00f6pfchen in rasch\naufsteigenden Luftstr\u00f6mungen.&nbsp; Durch mehrfache Auf- und Abbewegung&nbsp; in\nder Wolke wachsen die Hagelk\u00f6rner bis sie nach Erreichen einer\nbestimmten Gr\u00f6\u00dfe auf den Erdboden fallen.<\/p>\n\n\n<p>Die Voraussetzung f\u00fcr Hagel besteht besonders in Gewitterwolken.<\/p>\n\n\n<h3 class=\"wp-block-heading\">Hei\u00dfer Tag<\/h3>\n\n\n<p>Ein Hei\u00dfer Tag wird in der Meteorologie definiert\n als ein Tag&nbsp; an dem die Tagesh\u00f6chsttemperatur einen Wert von mindestens\n 30\u00b0C erreicht.\n<\/p>\n\n\n<h3 class=\"wp-block-heading\">Herbst<\/h3>\n\n\n<p>Der Herbst ist eine der meteorologischen und astronomischen Jahreszeiten.\n<\/p>\n\n\n<p>In unserer gem\u00e4\u00dfigten Zone ist der Herbst die Zeit der Ernte und des Bl\u00e4tterfalls.\n<\/p>\n\n\n<p>Urspr\u00fcnglich war Herbst der Begriff f\u00fcr &#8222;Erntezeit&#8220;, &#8222;Zeit des Pfl\u00fcckens&#8220;, &#8222;Zeit der Fr\u00fcchte&#8220;.\n<\/p>\n\n\n<p>Im Englischen kann man diese landwirtschaftliche\nBedeutung noch immer erkennen (harvest) w\u00e4hrend sich im Deutschen die\nBedeutung zur allgemeinen Bezeichnung der Jahreszeit verschob.\n<\/p>\n\n\n<p>In einigen Dialekten blieb die urspr\u00fcngliche Bedeutung allerdings erhalten.\n<\/p>\n\n\n<p>Im Weinbau wird die Weinlese weit verbreitet mit &#8222;herbsten&#8220; bezeichnet.\n<\/p>\n\n\n<p>Am 1.9. ist meteorologischer Herbstbeginn.<\/p>\n\n\n<h3 class=\"wp-block-heading\">Herbstst\u00fcrme<\/h3>\n\n\n<p>Man spricht von einem Herbststurm wenn im Herbst das Starkwindfeld eines Sturmtiefs \u00fcber Deutschland hinwegzieht.<\/p>\n\n\n<p>Zwischen den k\u00e4lteren Polarregionen und den w\u00e4rmeren \u00c4quatornahen Gebieten gibt es immer Luftstr\u00f6mungen.<\/p>\n\n\n<p>Durch die Erdrotation werden diese abgelenkt. Dadurch bilden sich besonders in h\u00f6heren Luftschichten Starkwindb\u00e4nder.<\/p>\n\n\n<p>Durch diese Str\u00f6mungen wird die Entwicklung von Tiefdruckgebieten und deren Zugbahn beeinflusst.<\/p>\n\n\n<p>Jahreszeitlich bedingt verschieben sich diese\nLuftstr\u00f6mungen, daher steigt ab Oktober die Wahrscheinlichkeit f\u00fcr\nSturmtiefs deutlich an.<\/p>\n\n\n<h3 class=\"wp-block-heading\">Hitze<\/h3>\n\n\n<p>Umgangssprachlich verwendet man den Begriff Hitze\n f\u00fcr W\u00e4rme wenn dabei die Temperaturen ungew\u00f6hnlich hoch liegen. Die\nBewertung der Hitze erfolgt vor allem mittels der gef\u00fchlten Temperatur\nbei der alle den W\u00e4rmehaushalt des Menschen bestimmenden Faktoren\nber\u00fccksichtig werden. Ab einer Tagesh\u00f6chsttemperatur von 30\u00b0C spricht\nman von einem hei\u00dfen Tag. Bei mehreren hei\u00dfen Tagen in Folge (5 Tage\noder mehr) von einer Hitzewelle.\n<\/p>\n\n\n<h3 class=\"wp-block-heading\">Hitzewelle<\/h3>\n\n\n<p>Liegen die Tagesh\u00f6chsttemperaturen an f\u00fcnf\noder mehr Tagen in Folge bei 30\u00b0C oder dar\u00fcber, dann spricht man von\neiner Hitzewelle.<\/p>\n\n\n<p>Alternativ definiert die Weltorganisation der\nMeteorologie (WMO)&nbsp; eine Hitzewelle als Serie von mindestens f\u00fcnf\naufeinanderfolgenden Tagen mit einer Mitteltemperatur die f\u00fcnf Grad oder\n mehr \u00fcber der langj\u00e4hrigen mittleren Durchschnittstemperatur des Monats\n liegt.<\/p>\n\n\n<h3 class=\"wp-block-heading\">Hochnebel<\/h3>\n\n\n<p>Hochnebel ist eine Sonderform des Nebels der\nnicht am Boden aufliegt sondern sich wenige Hundert Meter \u00fcber dem Boden\n bildet. So bezeichnet man tiefliegende Stratuswolken die sich vor allem\n bei winterlichen Hochdrucklagen unterhalb einer Inversion ausbilden\nk\u00f6nnen.<\/p>\n\n\n<p>Durch die Inversionsschicht fehlt es an vertikalem\nLuftmassenaustausch. Dadurch reichert sich unter der Inversionsschicht\nimmer mehr Feuchtigkeit an, es kommt zur Bildung von Stratuswolken die\nim Lauf der Zeit bis zum Boden wachsen k\u00f6nnen. Aus Hochnebel kann\ngelegentlich leichter Niederschlag fallen.\n<\/p>\n\n\n<h3 class=\"wp-block-heading\">Hochsommer<\/h3>\n\n\n<p>Der Hochsommer ist in Mitteleuropa der Zeitraum\nvon Mitte Juni bis Ende Juli, teilweise bis Mitte August. Es handelt\nsich beim&nbsp; Hochsommer um die w\u00e4rmste Zeit des Jahres. Er liegt zwischen\ndem Fr\u00fch- und Sp\u00e4tsommer. Ph\u00e4nologisch beginnt der Hochsommer mit der\nBl\u00fcte von Weinreben, Kartoffel und Sommerlinde. Das Ende des Hochsommers\n naht mit der Ernte der Wintergerste und des Winterroggen.\n<\/p>\n\n\n<h3 class=\"wp-block-heading\">Hochwinter<\/h3>\n\n\n<p>Aus meteorologischer Sicht nennt man den Zeitraum\n von Januar bis  Februar Hochwinter. In diesem Zeitraum treten h\u00e4ufig\ndie tiefsten Temperaturen  des Winters auf.<br \/>In Deutschland werden die\n tiefen Temperaturen meist durch  die Zufuhr kontinentaler arktischer\nPolarluft aus nord\u00f6stlicher Richtung  hervorgerufen\n<\/p>\n\n\n<h3 class=\"wp-block-heading\">Hundstage<\/h3>\n\n\n<p>Die Hundstage (23.Juli bis 24. August) gehen\nauf \u00c4gypten im&nbsp; 2. Jahrtausend v. Christus zur\u00fcck und bezeichneten\ndamals die R\u00fcckkehr des Fixsterns Sirius, Hauptstern im Sternbild gro\u00dfer\n Hund an den Morgenhimmel. Fr\u00fcher glaubte man da\u00df Sirius f\u00fcr die\nSommerhitze verantwortlich ist, was allerdings ein Irrtum ist. Das\nAuftauchen des Sterns fiel nur zuf\u00e4llig mit der Zeit gro\u00dfer Hitze\nzusammen. Trotzdem wird auch heute noch der Begriff &#8222;Hundstage&#8220; im\nallgemeinen Sprachgebrauch f\u00fcr sommerliche Hitzeperioden verwendet..\nWegen der Pr\u00e4zession der Erdachse hat sich der Aufgang des Sirius bis\nheute allerdings bis auf Mitte August verschoben.<\/p>\n\n\n<h3 class=\"wp-block-heading\">Hygrometer<\/h3>\n\n\n<p>Das Hygrometer ist ein Messinstrument zur\nBestimmung der Luftfeuchtigkeit. Das bekannteste Hygrometer ist das\nHaarhygrometer. Bei diesem Ger\u00e4t wird ein menschliches Haar eingesetzt\ndas sich bei Feuchtigkeitsaufnahme ausdehnt und bei Feuchtigkeitsentzug\nwieder verk\u00fcrzt. \u00dcber ein feines Hebelwerk wird die L\u00e4ngen\u00e4nderung auf\neine Anzeige \u00fcbertragen an der sich die aktuelle relative Luftfeuchte\nablesen l\u00e4sst.<\/p>\n","protected":false},"excerpt":{"rendered":"<p>Hagel Bei Hagel handelt es sich um festen Niederschlag aus Eiskristallen die sich zu Eisk\u00f6rnern zusammengeballt haben. Hagelk\u00f6rner erreichen dabei<\/p>\n","protected":false},"author":1,"featured_media":0,"parent":0,"menu_order":0,"comment_status":"closed","ping_status":"closed","template":"","meta":{"footnotes":""},"class_list":["post-1361","page","type-page","status-publish","hentry","comments-off"],"_links":{"self":[{"href":"https:\/\/www.bastel-bastel.de\/blog\/index.php\/wp-json\/wp\/v2\/pages\/1361","targetHints":{"allow":["GET"]}}],"collection":[{"href":"https:\/\/www.bastel-bastel.de\/blog\/index.php\/wp-json\/wp\/v2\/pages"}],"about":[{"href":"https:\/\/www.bastel-bastel.de\/blog\/index.php\/wp-json\/wp\/v2\/types\/page"}],"author":[{"embeddable":true,"href":"https:\/\/www.bastel-bastel.de\/blog\/index.php\/wp-json\/wp\/v2\/users\/1"}],"replies":[{"embeddable":true,"href":"https:\/\/www.bastel-bastel.de\/blog\/index.php\/wp-json\/wp\/v2\/comments?post=1361"}],"version-history":[{"count":0,"href":"https:\/\/www.bastel-bastel.de\/blog\/index.php\/wp-json\/wp\/v2\/pages\/1361\/revisions"}],"wp:attachment":[{"href":"https:\/\/www.bastel-bastel.de\/blog\/index.php\/wp-json\/wp\/v2\/media?parent=1361"}],"curies":[{"name":"wp","href":"https:\/\/api.w.org\/{rel}","templated":true}]}}