{"id":1354,"date":"2018-12-16T13:48:57","date_gmt":"2018-12-16T12:48:57","guid":{"rendered":"https:\/\/www.bastel-bastel.de\/blog\/?page_id=1354"},"modified":"2018-12-16T13:48:57","modified_gmt":"2018-12-16T12:48:57","slug":"wetter-lexikon-b","status":"publish","type":"page","link":"https:\/\/www.bastel-bastel.de\/blog\/index.php\/wetter-lexikon-b\/","title":{"rendered":"Wetter-Lexikon B"},"content":{"rendered":"\n<h3 class=\"wp-block-heading\">Bar<\/h3>\n\n\n<p>(veraltete) Druckeinheit. In der Meteorologie wurde fr\u00fcher meist Milibar (1mbar = 1\/1000bar) verwendet.\n<\/p>\n\n\n<p>Der Druck wird heute in der SI-Einheit Pascal (Pa) &nbsp;angegeben. Pascal beschreibt den Druck in Newton pro Quadratmeter.\n<\/p>\n\n\n<p>1 Bar entspricht 100.000 Pascal oder 1000 HektoPascal (hPa)\n<\/p>\n\n\n<p>1 Hektopascal (1hPa) = 100 Pascal (Pa) = 1 mbar\n<\/p>\n\n\n<p>Der Mittlerer Luftdruck der Atmosph\u00e4re auf Meeresh\u00f6he ist 101325 Pascal = 101,325kPa = 101325N\/m\u00b2 = 1,01325 bar = 1atm<\/p>\n\n\n<h3 class=\"wp-block-heading\">Barometer<\/h3>\n\n\n<p>Me\u00dfger\u00e4t zur Bestimmung des Luftdrucks (atmosph\u00e4rischer Druck).\n<\/p>\n\n\n<p>Der Luftdruck ist eine wichtige Gr\u00f6\u00dfe zur\nWettervorhersage. Fallender Luftdruck deutet im Sommer oft auf nahende\nGewitterfronten, im Winter auf heranziehende Sturmtiefs hin.\n<\/p>\n\n\n<h3 class=\"wp-block-heading\">Bauernregel<\/h3>\n\n\n<p>Unter einer Bauernregel versteht man\nvolkst\u00fcmliche Formulierungen regelm\u00e4\u00dfiger Wettererscheinungen.\nBauernregeln basieren auf Wetterbeobachtungen und haben oft einen wahren\n Kern. Allerdings sind viele dieser Regeln auf Regionen beschr\u00e4nkt und\nk\u00f6nnen durch Kalenderreformen verschoben oder durch Klimaverschiebungen\n\u00fcberholt sein.<\/p>\n\n\n<h3 class=\"wp-block-heading\">Beaufort-Skala<\/h3>\n\n\n<p>Admiral Sir Francis Beaufort (1774-1852) entwarf die nach ihm benannte dreizehnteilige Skala f\u00fcr Windst\u00e4rken.<\/p>\n\n\n<p>Die Beaufort-Skala beginnt bei Windstille (0 Beaufort) und erstreckt sich bis zum Orkan (12 Beaufort).<\/p>\n\n\n<p>In der Beaufort-Skala sind ausserdem die\nBeziehungen der einzelnen Windst\u00e4rken zur Windgeschwindigkeit festgelegt\n und ihre Auswirkungen an Land und zur See. 1949 wurde die Skala bis auf\n Windst\u00e4rke 17 (Windgeschwindigkeit &gt;202km\/h) erweitert.<\/p>\n\n\n<h3 class=\"wp-block-heading\">Bedeckung<\/h3>\n\n\n<p>Mit der Bedeckung wird angegeben wie gro\u00df der\nAnteil des bedeckten Himmelsgew\u00f6lbes ist. Die Angabe erfolgt in Achtel.\nDabei  lauten die Stufen wie folgt: 0\/8 = Wolkenlos, 1\/8 = Sonnig, 2\/8 =\n heiter, 3\/8 =  leicht bew\u00f6lkt, 4\/8 = wolkig, 5\/8 = bew\u00f6lkt, 6\/8 = stark\n bew\u00f6lkt, 7\/8 = fast  bedeckt, 8\/8 = bedeckt. Dabei muss ein Standort\ngew\u00e4hlt werden bei dem der  gesamte Himmel einsehbar ist, beispielsweise\n ein Feld oder H\u00fcgel. Nebel wird  dabei nicht zur Bew\u00f6lkung gez\u00e4hlt.\n<\/p>\n\n\n<h3 class=\"wp-block-heading\">Bew\u00f6lkung<\/h3>\n\n\n<p>Bew\u00f6lkung oder Bedeckung bezeichnet in der Meteorologie die am Himmel sichtbare Ansammlung von Kondenswasser in der Atmosph\u00e4re.<\/p>\n\n\n<p>Einzelne Elemente der Bew\u00f6lkung sind Wolken. Bei\n mehr als 90% Wolken spricht man von bedecktem Himmel. Sind keine Wolken\n sichtbar spricht man von Wolkenlos.<\/p>\n\n\n<p>Der Bew\u00f6lkungsgrad wird gesch\u00e4tzt oder mit\nspeziellen Kameras gemessen. Im Unterschied zu Wolken haben Nebel oder\nDunst Kontakt mit dem Erdboden.<\/p>\n\n\n<h3 class=\"wp-block-heading\">Biowetter<\/h3>\n\n\n<p>Unter Biowetter sind alle Wettereinfl\u00fcsse zusammengefasst die sich auf das Befinden und die Gesundheit des Menschen auswirken.\n<\/p>\n\n\n<p>Vor allem die UV-Strahlung der Sonne, die\nthermische Belastung (Hitze und K\u00e4lte), und der Pollenflug haben gro\u00dfen\nEinfluss auf unser Wohlbefinden. Ausserdem wird im Biowetter die\nGesamtwirkung aller Wetterelemente auf den Menschen betrachtet.<\/p>\n\n\n<h3 class=\"wp-block-heading\">Blitz<\/h3>\n\n\n<p>In Gewitterwolken werden durch starke Auf-\nund Abwinde Wassertr\u00f6pfchen durcheinandergewirbelt und laden sich dabei\nelektrisch auf.<\/p>\n\n\n<p>Durch die unterschiedliche Masse sammeln sich\ndie positiv geladenen Teilchen im oberen Teil der Wolke, die negativ\ngeladenen Teilchen im unteren Teil.<\/p>\n\n\n<p>Dadurch kann sich ein Spannungsfeld aufbauen das\n sich durch einen Blitz innerhalb der Wolke oder zwischen Wolke und\nErdboden entl\u00e4dt.<\/p>\n\n\n<p>Dabei k\u00f6nnen Spannungen bis zu mehreren hundert\nMillionen Volt auftreten. Die Luft im Blitzkanal erhitzt sich in\nSekundenbruchteilen&nbsp; bis auf 30.000 \u00b0C und dehnt sich dadurch\nexplosionsartig aus. Diese Ausdehnung breitet sich in Form von\nSchallwellen aus und wird als Donner wahrgenommen der dem Blitz folgt.<\/p>\n\n\n<p>Da sich das Licht des Blitzes mit\nLichtgeschwindigkeit ausbreitet, der Donner aber nur mit\nSchallgeschwindigkeit kann man die Entfernung des Blitzes absch\u00e4tzen\nindem man die Schallgeschwindigkeit von ca. 300m\/s mit der Zeit zwischen\n Blitz und Donner multipliziert. Die berechnete Zahl ist die Entfernung\ndes Gewitters in Meter.<\/p>\n\n\n<h3 class=\"wp-block-heading\">Bodennebel<\/h3>\n\n\n<p>Bodennebel entsteht durch Abk\u00fchlung. Er liegt\ndirekt \u00fcber dem Erdboden und steigt nicht mehr als ungef\u00e4hr einen einen\nMeter an. Dar\u00fcber nennt man den Nebel Hochnebel.\n<\/p>\n\n\n<p>Bodennebel entsteht meistens&nbsp; in Niederungen\nw\u00e4hrend ruhiger Wetterlagen mit klarem Himmel. Die Ausstrahlung des\nBodens muss gro\u00df sein damit eine rasche Abk\u00fchlung der untersten\nLuftschicht m\u00f6glich ist und die Temperatur dort unter den Taupunkt\nf\u00e4llt.&nbsp; H\u00e4ufig entsteht Bodennebel \u00fcber Seen oder T\u00fcmpeln.<\/p>\n\n\n<h3 class=\"wp-block-heading\">B\u00f6<\/h3>\n\n\n<p>Als B\u00f6 (auch B\u00f6e oder Boe geschrieben) bezeichnet\n man einen starken Windsto\u00df w\u00e4hrend eines Windereignisses oder Sturms.\nB\u00f6en k\u00f6nnen deutlich st\u00e4rker auftreten als die durchschnittliche\nWindgeschwindigkeit. So kann beispielsweise der Wind nur mit 30km\/h\nwehen w\u00e4hrend einzeln B\u00f6en bis 90km\/h oder mehr erreichen.\n<\/p>\n\n\n<p>Windb\u00f6en k\u00f6nnen deswegen auch sehr gef\u00e4hrlich werden, da sie unmittelbar einsetzen und nicht lange andauern.<\/p>\n\n\n<p>Von einer B\u00f6e spricht man wenn der\n10-Minuten-Mittelwert der Windgeschwindigkeit innerhalb weniger Sekunden\n um mindestens 5m\/s \u00fcberschritten wird.<\/p>\n\n\n<h3 class=\"wp-block-heading\">Bodenfrost<\/h3>\n\n\n<p>Von Bodenfrost spricht man wenn die Temperatur\nunmittelbar \u00fcber dem Erdboden knapp unter den Gefrierpunkt absinkt,\nw\u00e4hrend in der offiziellen Messh\u00f6he von 2 Metern noch kein Frost\nherrscht. Bodenfrost entsteht vor allem in klaren N\u00e4chten durch starke\nAusstrahlung bei windschwachen Hochdrucklagen.\n<\/p>\n\n\n<p>Eine zuverl\u00e4ssige Bodenfrostvorhersage ist vor\nallem f\u00fcr die Landwirtschaft wichtig da durch Nachtfr\u00f6ste im Fr\u00fchling\nfrostempfindliche Pflanzen, Obstbl\u00fcten und Setzlinge erheblich Schaden\nnehmen k\u00f6nnen.<\/p>\n","protected":false},"excerpt":{"rendered":"<p>Bar (veraltete) Druckeinheit. In der Meteorologie wurde fr\u00fcher meist Milibar (1mbar = 1\/1000bar) verwendet. Der Druck wird heute in der<\/p>\n","protected":false},"author":1,"featured_media":0,"parent":0,"menu_order":0,"comment_status":"closed","ping_status":"closed","template":"","meta":{"footnotes":""},"class_list":["post-1354","page","type-page","status-publish","hentry","comments-off"],"_links":{"self":[{"href":"https:\/\/www.bastel-bastel.de\/blog\/index.php\/wp-json\/wp\/v2\/pages\/1354","targetHints":{"allow":["GET"]}}],"collection":[{"href":"https:\/\/www.bastel-bastel.de\/blog\/index.php\/wp-json\/wp\/v2\/pages"}],"about":[{"href":"https:\/\/www.bastel-bastel.de\/blog\/index.php\/wp-json\/wp\/v2\/types\/page"}],"author":[{"embeddable":true,"href":"https:\/\/www.bastel-bastel.de\/blog\/index.php\/wp-json\/wp\/v2\/users\/1"}],"replies":[{"embeddable":true,"href":"https:\/\/www.bastel-bastel.de\/blog\/index.php\/wp-json\/wp\/v2\/comments?post=1354"}],"version-history":[{"count":0,"href":"https:\/\/www.bastel-bastel.de\/blog\/index.php\/wp-json\/wp\/v2\/pages\/1354\/revisions"}],"wp:attachment":[{"href":"https:\/\/www.bastel-bastel.de\/blog\/index.php\/wp-json\/wp\/v2\/media?parent=1354"}],"curies":[{"name":"wp","href":"https:\/\/api.w.org\/{rel}","templated":true}]}}