{"id":1269,"date":"2018-12-12T12:00:38","date_gmt":"2018-12-12T11:00:38","guid":{"rendered":"https:\/\/www.bastel-bastel.de\/blog\/?page_id=1269"},"modified":"2018-12-12T12:00:38","modified_gmt":"2018-12-12T11:00:38","slug":"wetter-lexikon","status":"publish","type":"page","link":"https:\/\/www.bastel-bastel.de\/blog\/index.php\/wetter-lexikon\/","title":{"rendered":"Wetter-Lexikon"},"content":{"rendered":"\n<p>Willkommen in meinem kleinen <a href=\"https:\/\/www.bastel-bastel.de\/index.php?id=392\">Wetterlexikon<\/a>.\n<\/p>\n\n\n<p>Die Begriffserkl\u00e4rungen sind nach bestem Wissen und\nGewissen zusammengetragen, f\u00fcr Fehler hafte ich aber trotzdem nicht.\nSollte jemand einen Fehler finden (was ich nicht hoffe), dann freue ich\nmich nat\u00fcrlich \u00fcber entsprechende Hinweise.\n<\/p>\n\n\n<p>Das Wetter-Lexikon f\u00fcr <a href=\"http:\/\/www.ingersheimwetter.de\">www.ingersheimwetter.de<\/a> ist nat\u00fcrlich genauso f\u00fcr die 2. Wetterseite <a href=\"https:\/\/www.ludwigsburgwetter.de\">www.ludwigsburgwetter.de<\/a> \/ <a href=\"http:\/\/www.wetterstation-ludwigsburg.de\">www.wetterstation-ludwigsburg.de<\/a> g\u00fcltig die ich gemeinsam mit Michael Schulz (<a href=\"https:\/\/www.waescherei-schulz.de\">www.waescherei-schulz.de<\/a>) in Ludwigsburg betreibe. <br \/><br \/>F\u00fcr die gew\u00fcnschten Begriffe aus dem Lexikon bitte oben im Men\u00fc die entsprechenden Unterpunkte anklicken.<\/p>\n\n\n<p><\/p>\n\n\n<p>In meinem <a href=\"https:\/\/www.bastel-bastel.de\/index.php?id=393\">Wetter-Blog<\/a> findest Du jede Woche Donnerstags einen R\u00fcckblick \u00fcber das Wetter der vergangenen Tage. <\/p>\n\n\n<p>In Zusammenarbeit mit der Ludwigsburger Kreiszeitung erscheint dieser Beitrag auch immer in der Donnerstagsausgabe der LKZ.\n<\/p>\n\n\n<p><br \/><\/p>\n","protected":false},"excerpt":{"rendered":"<p>Willkommen in meinem kleinen Wetterlexikon. Die Begriffserkl\u00e4rungen sind nach bestem Wissen und Gewissen zusammengetragen, f\u00fcr Fehler hafte ich aber trotzdem<\/p>\n","protected":false},"author":1,"featured_media":0,"parent":0,"menu_order":0,"comment_status":"closed","ping_status":"closed","template":"template-onecolumn.php","meta":{"footnotes":""},"class_list":["post-1269","page","type-page","status-publish","hentry","comments-off"],"_links":{"self":[{"href":"https:\/\/www.bastel-bastel.de\/blog\/index.php\/wp-json\/wp\/v2\/pages\/1269","targetHints":{"allow":["GET"]}}],"collection":[{"href":"https:\/\/www.bastel-bastel.de\/blog\/index.php\/wp-json\/wp\/v2\/pages"}],"about":[{"href":"https:\/\/www.bastel-bastel.de\/blog\/index.php\/wp-json\/wp\/v2\/types\/page"}],"author":[{"embeddable":true,"href":"https:\/\/www.bastel-bastel.de\/blog\/index.php\/wp-json\/wp\/v2\/users\/1"}],"replies":[{"embeddable":true,"href":"https:\/\/www.bastel-bastel.de\/blog\/index.php\/wp-json\/wp\/v2\/comments?post=1269"}],"version-history":[{"count":0,"href":"https:\/\/www.bastel-bastel.de\/blog\/index.php\/wp-json\/wp\/v2\/pages\/1269\/revisions"}],"wp:attachment":[{"href":"https:\/\/www.bastel-bastel.de\/blog\/index.php\/wp-json\/wp\/v2\/media?parent=1269"}],"curies":[{"name":"wp","href":"https:\/\/api.w.org\/{rel}","templated":true}]}}